{"id":1752,"date":"2023-11-19T12:39:23","date_gmt":"2023-11-19T12:39:23","guid":{"rendered":"http:\/\/www.smartchild.sk\/?page_id=1752"},"modified":"2025-04-30T09:29:08","modified_gmt":"2025-04-30T09:29:08","slug":"o-nas","status":"publish","type":"page","link":"https:\/\/www.smartchild.sk\/index.php\/o-nas\/o-nas\/","title":{"rendered":"O n\u00e1s"},"content":{"rendered":"\t\t<div data-elementor-type=\"wp-page\" data-elementor-id=\"1752\" class=\"elementor elementor-1752\">\n\t\t\t\t\t\t<section class=\"elementor-section elementor-top-section elementor-element elementor-element-o1ka7pg elementor-section-content-middle elementor-section-boxed elementor-section-height-default elementor-section-height-default\" data-id=\"o1ka7pg\" data-element_type=\"section\" data-settings=\"{&quot;background_background&quot;:&quot;classic&quot;}\">\n\t\t\t\t\t\t\t<div class=\"elementor-background-overlay\"><\/div>\n\t\t\t\t\t\t\t<div class=\"elementor-container elementor-column-gap-no\">\n\t\t\t\t\t<div class=\"elementor-column elementor-col-100 elementor-top-column elementor-element elementor-element-546b9f5\" data-id=\"546b9f5\" data-element_type=\"column\">\n\t\t\t<div class=\"elementor-widget-wrap elementor-element-populated\">\n\t\t\t\t\t\t<div class=\"elementor-element elementor-element-ba215d5 elementor-widget__width-initial elementor-widget-mobile__width-inherit elementor-widget elementor-widget-heading\" data-id=\"ba215d5\" data-element_type=\"widget\" data-widget_type=\"heading.default\">\n\t\t\t\t<div class=\"elementor-widget-container\">\n\t\t\t\t\t<h2 class=\"elementor-heading-title elementor-size-default\">Viac ne\u017e len \u0161k\u00f4lka<\/h2>\t\t\t\t<\/div>\n\t\t\t\t<\/div>\n\t\t\t\t<div class=\"elementor-element elementor-element-ae17007 elementor-widget__width-initial elementor-widget-mobile__width-inherit elementor-widget elementor-widget-text-editor\" data-id=\"ae17007\" data-element_type=\"widget\" data-widget_type=\"text-editor.default\">\n\t\t\t\t<div class=\"elementor-widget-container\">\n\t\t\t\t\t\t\t\t\t<p class=\"\" data-start=\"445\" data-end=\"645\"><strong data-start=\"445\" data-end=\"645\">Ver\u00edme, \u017ee zdrav\u00fd v\u00fdvin die\u0165a\u0165a potrebuje stabilitu, re\u0161pekt a l\u00e1sku. Na\u0161a \u0161k\u00f4lka pon\u00faka dlhodob\u00e9 a bezpe\u010dn\u00e9 prostredie, kde sa die\u0165a rozv\u00edja ako osobnos\u0165 \u2013 nie pod\u013ea \u0161abl\u00f3ny, ale vlastn\u00fdm tempom.<\/strong><\/p>\t\t\t\t\t\t\t\t<\/div>\n\t\t\t\t<\/div>\n\t\t\t\t<div class=\"elementor-element elementor-element-0367610 elementor-widget elementor-widget-image\" data-id=\"0367610\" data-element_type=\"widget\" data-widget_type=\"image.default\">\n\t\t\t\t<div class=\"elementor-widget-container\">\n\t\t\t\t\t\t\t\t\t\t\t\t\t\t\t<img decoding=\"async\" src=\"https:\/\/www.smartchild.sk\/wp-content\/uploads\/elementor\/thumbs\/IMG_7284-scaled-r52ex0vj54wckp0u61he5xw94nd5ff18pcttwam5jc.jpeg\" title=\"IMG_7284\" alt=\"IMG_7284\" loading=\"lazy\" \/>\t\t\t\t\t\t\t\t\t\t\t\t\t\t\t<\/div>\n\t\t\t\t<\/div>\n\t\t\t\t<section class=\"elementor-section elementor-inner-section elementor-element elementor-element-216bdf1 elementor-section-boxed elementor-section-height-default elementor-section-height-default\" data-id=\"216bdf1\" data-element_type=\"section\">\n\t\t\t\t\t\t<div class=\"elementor-container elementor-column-gap-default\">\n\t\t\t\t\t<div class=\"elementor-column elementor-col-33 elementor-inner-column elementor-element elementor-element-34d33e2\" data-id=\"34d33e2\" data-element_type=\"column\">\n\t\t\t<div class=\"elementor-widget-wrap elementor-element-populated\">\n\t\t\t\t\t\t<div class=\"elementor-element elementor-element-6e074cf elementor-position-left elementor-vertical-align-middle elementor-widget elementor-widget-image-box\" data-id=\"6e074cf\" data-element_type=\"widget\" data-widget_type=\"image-box.default\">\n\t\t\t\t<div class=\"elementor-widget-container\">\n\t\t\t\t\t<div class=\"elementor-image-box-wrapper\"><figure class=\"elementor-image-box-img\"><img fetchpriority=\"high\" decoding=\"async\" width=\"1200\" height=\"1200\" src=\"https:\/\/www.smartchild.sk\/wp-content\/uploads\/2025\/04\/hrosik.png\" class=\"attachment-full size-full wp-image-1893\" alt=\"\" srcset=\"https:\/\/www.smartchild.sk\/wp-content\/uploads\/2025\/04\/hrosik.png 1200w, https:\/\/www.smartchild.sk\/wp-content\/uploads\/2025\/04\/hrosik-300x300.png 300w, https:\/\/www.smartchild.sk\/wp-content\/uploads\/2025\/04\/hrosik-1024x1024.png 1024w, https:\/\/www.smartchild.sk\/wp-content\/uploads\/2025\/04\/hrosik-150x150.png 150w, https:\/\/www.smartchild.sk\/wp-content\/uploads\/2025\/04\/hrosik-768x768.png 768w\" sizes=\"(max-width: 1200px) 100vw, 1200px\" \/><\/figure><div class=\"elementor-image-box-content\"><h4 class=\"elementor-image-box-title\">Stabiln\u00e9 prostredie, ktor\u00e9 buduje d\u00f4veru<\/h4><\/div><\/div>\t\t\t\t<\/div>\n\t\t\t\t<\/div>\n\t\t\t\t\t<\/div>\n\t\t<\/div>\n\t\t\t\t<div class=\"elementor-column elementor-col-33 elementor-inner-column elementor-element elementor-element-3f072ac\" data-id=\"3f072ac\" data-element_type=\"column\">\n\t\t\t<div class=\"elementor-widget-wrap elementor-element-populated\">\n\t\t\t\t\t\t<div class=\"elementor-element elementor-element-fa7c555 elementor-position-left elementor-vertical-align-middle elementor-widget elementor-widget-image-box\" data-id=\"fa7c555\" data-element_type=\"widget\" data-widget_type=\"image-box.default\">\n\t\t\t\t<div class=\"elementor-widget-container\">\n\t\t\t\t\t<div class=\"elementor-image-box-wrapper\"><figure class=\"elementor-image-box-img\"><img decoding=\"async\" width=\"1200\" height=\"1200\" src=\"https:\/\/www.smartchild.sk\/wp-content\/uploads\/2025\/04\/cica.png\" class=\"attachment-full size-full wp-image-1892\" alt=\"\" srcset=\"https:\/\/www.smartchild.sk\/wp-content\/uploads\/2025\/04\/cica.png 1200w, https:\/\/www.smartchild.sk\/wp-content\/uploads\/2025\/04\/cica-300x300.png 300w, https:\/\/www.smartchild.sk\/wp-content\/uploads\/2025\/04\/cica-1024x1024.png 1024w, https:\/\/www.smartchild.sk\/wp-content\/uploads\/2025\/04\/cica-150x150.png 150w, https:\/\/www.smartchild.sk\/wp-content\/uploads\/2025\/04\/cica-768x768.png 768w\" sizes=\"(max-width: 1200px) 100vw, 1200px\" \/><\/figure><div class=\"elementor-image-box-content\"><h4 class=\"elementor-image-box-title\"> Individu\u00e1lny pr\u00edstup v mal\u00fdch skupin\u00e1ch<\/h4><\/div><\/div>\t\t\t\t<\/div>\n\t\t\t\t<\/div>\n\t\t\t\t\t<\/div>\n\t\t<\/div>\n\t\t\t\t<div class=\"elementor-column elementor-col-33 elementor-inner-column elementor-element elementor-element-945c3ea\" data-id=\"945c3ea\" data-element_type=\"column\">\n\t\t\t<div class=\"elementor-widget-wrap elementor-element-populated\">\n\t\t\t\t\t\t<div class=\"elementor-element elementor-element-f9c3d32 elementor-position-left elementor-vertical-align-middle elementor-widget elementor-widget-image-box\" data-id=\"f9c3d32\" data-element_type=\"widget\" data-widget_type=\"image-box.default\">\n\t\t\t\t<div class=\"elementor-widget-container\">\n\t\t\t\t\t<div class=\"elementor-image-box-wrapper\"><figure class=\"elementor-image-box-img\"><img decoding=\"async\" width=\"1200\" height=\"1200\" src=\"https:\/\/www.smartchild.sk\/wp-content\/uploads\/2025\/04\/panda.png\" class=\"attachment-full size-full wp-image-1861\" alt=\"\" srcset=\"https:\/\/www.smartchild.sk\/wp-content\/uploads\/2025\/04\/panda.png 1200w, https:\/\/www.smartchild.sk\/wp-content\/uploads\/2025\/04\/panda-300x300.png 300w, https:\/\/www.smartchild.sk\/wp-content\/uploads\/2025\/04\/panda-1024x1024.png 1024w, https:\/\/www.smartchild.sk\/wp-content\/uploads\/2025\/04\/panda-150x150.png 150w, https:\/\/www.smartchild.sk\/wp-content\/uploads\/2025\/04\/panda-768x768.png 768w\" sizes=\"(max-width: 1200px) 100vw, 1200px\" \/><\/figure><div class=\"elementor-image-box-content\"><h4 class=\"elementor-image-box-title\">Hodnoty, ktor\u00e9 zdie\u013eame s rodi\u010dmi<\/h4><\/div><\/div>\t\t\t\t<\/div>\n\t\t\t\t<\/div>\n\t\t\t\t\t<\/div>\n\t\t<\/div>\n\t\t\t\t\t<\/div>\n\t\t<\/section>\n\t\t\t\t\t<\/div>\n\t\t<\/div>\n\t\t\t\t\t<\/div>\n\t\t<\/section>\n\t\t\t\t<section class=\"elementor-section elementor-top-section elementor-element elementor-element-hajhw89 elementor-section-content-top elementor-section-boxed elementor-section-height-default elementor-section-height-default\" data-id=\"hajhw89\" data-element_type=\"section\" data-settings=\"{&quot;background_background&quot;:&quot;classic&quot;}\">\n\t\t\t\t\t\t\t<div class=\"elementor-background-overlay\"><\/div>\n\t\t\t\t\t\t\t<div class=\"elementor-container elementor-column-gap-no\">\n\t\t\t\t\t<div class=\"elementor-column elementor-col-100 elementor-top-column elementor-element elementor-element-fd3d3a5\" data-id=\"fd3d3a5\" data-element_type=\"column\">\n\t\t\t<div class=\"elementor-widget-wrap elementor-element-populated\">\n\t\t\t\t\t\t<div class=\"elementor-element elementor-element-49427c7 elementor-widget elementor-widget-heading\" data-id=\"49427c7\" data-element_type=\"widget\" data-widget_type=\"heading.default\">\n\t\t\t\t<div class=\"elementor-widget-container\">\n\t\t\t\t\t<h5 class=\"elementor-heading-title elementor-size-default\">HIST\u00d3RIA<\/h5>\t\t\t\t<\/div>\n\t\t\t\t<\/div>\n\t\t\t\t<div class=\"elementor-element elementor-element-02c3e36 elementor-widget elementor-widget-heading\" data-id=\"02c3e36\" data-element_type=\"widget\" data-widget_type=\"heading.default\">\n\t\t\t\t<div class=\"elementor-widget-container\">\n\t\t\t\t\t<h2 class=\"elementor-heading-title elementor-size-default\">Na\u0161e za\u010diatky<\/h2>\t\t\t\t<\/div>\n\t\t\t\t<\/div>\n\t\t\t\t<div class=\"elementor-element elementor-element-0bf076d elementor-widget elementor-widget-text-editor\" data-id=\"0bf076d\" data-element_type=\"widget\" data-widget_type=\"text-editor.default\">\n\t\t\t\t<div class=\"elementor-widget-container\">\n\t\t\t\t\t\t\t\t\t<p>Ob\u010dianske zdru\u017eenie <strong>SMART CHILD<\/strong> vzniklo v roku 2018 s cie\u013eom podpori\u0165 <strong>zmyslupln\u00e9 tr\u00e1venie vo\u013en\u00e9ho \u010dasu det\u00ed.<\/strong> Organizovali sme kr\u00fa\u017eky, v\u00edkendov\u00e9 aktivity aj letn\u00e9 t\u00e1bory. Postupne sme v\u0161ak vn\u00edmali narastaj\u00facu potrebu pred\u0161kolsk\u00e9ho zariadenia v na\u0161ej obci, a preto sme v roku 2021 otvorili komunitn\u00fa detsk\u00fa \u0161k\u00f4lku pre deti od 2 rokov. Zauj\u00edmav\u00e9 je, \u017ee na\u0161e prv\u00e9 deti boli star\u0161ie ako 3 roky \u2013 ich rodi\u010dia v\u0161ak h\u013eadali in\u00fd, ne\u017e tradi\u010dn\u00fd pr\u00edstup k vzdel\u00e1vaniu.<\/p>\t\t\t\t\t\t\t\t<\/div>\n\t\t\t\t<\/div>\n\t\t\t\t<div class=\"elementor-element elementor-element-e2f6bcb elementor-widget elementor-widget-text-editor\" data-id=\"e2f6bcb\" data-element_type=\"widget\" data-widget_type=\"text-editor.default\">\n\t\t\t\t<div class=\"elementor-widget-container\">\n\t\t\t\t\t\t\t\t\t<p>Od za\u010diatku sme chceli rodi\u010dom uk\u00e1za\u0165, \u017ee aj v komunitnej \u0161k\u00f4lke m\u00f4\u017ee prebieha\u0165 kvalitn\u00fd v\u00fdchovno-vzdel\u00e1vac\u00ed proces \u2013 <strong>s d\u00f4razom na individu\u00e1lny rozvoj, samostatnos\u0165 a medzi\u013eudsk\u00e9 hodnoty.<\/strong> Deti vedieme k praktickosti, zodpovednosti a vz\u00e1jomnej pomoci. <strong>V rodinnej atmosf\u00e9re za\u017e\u00edvaj\u00fa prirodzen\u00fd rozvoj cez hru, z\u00e1\u017eitky a bezpe\u010dn\u00e9 vz\u0165ahy.<\/strong> D\u00f4veru rodi\u010dov si z\u00edskavame aj v\u010faka vidite\u013en\u00fdm pokrokom det\u00ed pod veden\u00edm sk\u00fasen\u00fdch pedag\u00f3gov.<\/p>\t\t\t\t\t\t\t\t<\/div>\n\t\t\t\t<\/div>\n\t\t\t\t<div class=\"elementor-element elementor-element-e0c368d elementor-widget elementor-widget-text-editor\" data-id=\"e0c368d\" data-element_type=\"widget\" data-widget_type=\"text-editor.default\">\n\t\t\t\t<div class=\"elementor-widget-container\">\n\t\t\t\t\t\t\t\t\t<p>Deti u n\u00e1s rozv\u00edja aj mu\u017esk\u00fd pedag\u00f3g, ktor\u00fd im prin\u00e1\u0161a pohybov\u00e9, hudobn\u00e9 a v\u00fdtvarn\u00e9 podnety. <strong>Ka\u017ed\u00fd de\u0148 ich vedieme k uvedomeniu si vz\u0165ahu k pr\u00edrode cez starostlivos\u0165 o p\u00f4du, rastliny \u010di zvierat\u00e1 v ich okol\u00ed.<\/strong> <strong>Db\u00e1me aj na zdrav\u00e9 stravovanie \u2013 jedl\u00e1 s\u00fa chutn\u00e9, v\u00fd\u017eivn\u00e9 a zelenina je \u010dasto \u201enen\u00e1padne\u201c s\u00fa\u010das\u0165ou obeda.<\/strong> Aj ke\u010f fungujeme v\u00fdhradne z rodi\u010dovsk\u00fdch pr\u00edspevkov, ich v\u00fd\u0161ka patr\u00ed medzi najni\u017e\u0161ie v regi\u00f3ne. Na\u0161\u00edm cie\u013eom je vytvori\u0165 stabiln\u00e9 miesto, kde deti zostan\u00fa a\u017e do n\u00e1stupu na z\u00e1kladn\u00fa \u0161kolu.<\/p>\t\t\t\t\t\t\t\t<\/div>\n\t\t\t\t<\/div>\n\t\t\t\t\t<\/div>\n\t\t<\/div>\n\t\t\t\t\t<\/div>\n\t\t<\/section>\n\t\t\t\t<section class=\"elementor-section elementor-top-section elementor-element elementor-element-d05h2az elementor-section-content-middle elementor-section-boxed elementor-section-height-default elementor-section-height-default\" data-id=\"d05h2az\" data-element_type=\"section\" data-settings=\"{&quot;background_background&quot;:&quot;classic&quot;}\">\n\t\t\t\t\t\t\t<div class=\"elementor-background-overlay\"><\/div>\n\t\t\t\t\t\t\t<div class=\"elementor-container elementor-column-gap-no\">\n\t\t\t\t\t<div class=\"elementor-column elementor-col-100 elementor-top-column elementor-element elementor-element-efbc4d6\" data-id=\"efbc4d6\" data-element_type=\"column\">\n\t\t\t<div class=\"elementor-widget-wrap elementor-element-populated\">\n\t\t\t\t\t\t<div class=\"elementor-element elementor-element-50773bd elementor-widget elementor-widget-heading\" data-id=\"50773bd\" data-element_type=\"widget\" data-widget_type=\"heading.default\">\n\t\t\t\t<div class=\"elementor-widget-container\">\n\t\t\t\t\t<h6 class=\"elementor-heading-title elementor-size-default\">GAL\u00c9RIA<\/h6>\t\t\t\t<\/div>\n\t\t\t\t<\/div>\n\t\t\t\t<div class=\"elementor-element elementor-element-ddc3b5a elementor-widget elementor-widget-heading\" data-id=\"ddc3b5a\" data-element_type=\"widget\" data-widget_type=\"heading.default\">\n\t\t\t\t<div class=\"elementor-widget-container\">\n\t\t\t\t\t<h2 class=\"elementor-heading-title elementor-size-default\">Priestory pre va\u0161ich najmen\u0161\u00edch<\/h2>\t\t\t\t<\/div>\n\t\t\t\t<\/div>\n\t\t\t\t<div class=\"elementor-element elementor-element-cbe4592 elementor-widget-divider--view-line elementor-widget elementor-widget-divider\" data-id=\"cbe4592\" data-element_type=\"widget\" data-widget_type=\"divider.default\">\n\t\t\t\t<div class=\"elementor-widget-container\">\n\t\t\t\t\t\t\t<div class=\"elementor-divider\">\n\t\t\t<span class=\"elementor-divider-separator\">\n\t\t\t\t\t\t<\/span>\n\t\t<\/div>\n\t\t\t\t\t\t<\/div>\n\t\t\t\t<\/div>\n\t\t\t\t<div class=\"elementor-element elementor-element-65f5ec1 elementor-arrows-position-outside elementor-widget elementor-widget-image-carousel\" data-id=\"65f5ec1\" data-element_type=\"widget\" data-settings=\"{&quot;slides_to_show&quot;:&quot;3&quot;,&quot;slides_to_scroll&quot;:&quot;1&quot;,&quot;navigation&quot;:&quot;arrows&quot;,&quot;slides_to_show_tablet&quot;:&quot;2&quot;,&quot;slides_to_show_mobile&quot;:&quot;1&quot;,&quot;autoplay&quot;:&quot;no&quot;,&quot;image_spacing_custom&quot;:{&quot;unit&quot;:&quot;px&quot;,&quot;size&quot;:20,&quot;sizes&quot;:[]},&quot;infinite&quot;:&quot;yes&quot;,&quot;speed&quot;:500,&quot;image_spacing_custom_tablet&quot;:{&quot;unit&quot;:&quot;px&quot;,&quot;size&quot;:&quot;&quot;,&quot;sizes&quot;:[]}}\" data-widget_type=\"image-carousel.default\">\n\t\t\t\t<div class=\"elementor-widget-container\">\n\t\t\t\t\t\t\t<div class=\"elementor-image-carousel-wrapper swiper\" role=\"region\" aria-roledescription=\"carousel\" aria-label=\"Obr\u00e1zkov\u00fd kot\u00fa\u010d\" dir=\"ltr\">\n\t\t\t<div class=\"elementor-image-carousel swiper-wrapper\" aria-live=\"polite\">\n\t\t\t\t\t\t\t\t<div class=\"swiper-slide\" role=\"group\" aria-roledescription=\"slide\" aria-label=\"1 of 5\"><figure class=\"swiper-slide-inner\"><img decoding=\"async\" class=\"swiper-slide-image\" src=\"https:\/\/www.smartchild.sk\/wp-content\/uploads\/2025\/04\/deti_vonku.png\" alt=\"deti_vonku\" \/><\/figure><\/div><div class=\"swiper-slide\" role=\"group\" aria-roledescription=\"slide\" aria-label=\"2 of 5\"><figure class=\"swiper-slide-inner\"><img decoding=\"async\" class=\"swiper-slide-image\" src=\"https:\/\/www.smartchild.sk\/wp-content\/uploads\/2025\/04\/kupelna.png\" alt=\"kupelna\" \/><\/figure><\/div><div class=\"swiper-slide\" role=\"group\" aria-roledescription=\"slide\" aria-label=\"3 of 5\"><figure class=\"swiper-slide-inner\"><img decoding=\"async\" class=\"swiper-slide-image\" src=\"https:\/\/www.smartchild.sk\/wp-content\/uploads\/2025\/04\/playroom.png\" alt=\"playroom\" \/><\/figure><\/div><div class=\"swiper-slide\" role=\"group\" aria-roledescription=\"slide\" aria-label=\"4 of 5\"><figure class=\"swiper-slide-inner\"><img decoding=\"async\" class=\"swiper-slide-image\" src=\"https:\/\/www.smartchild.sk\/wp-content\/uploads\/2025\/04\/vonku.png\" alt=\"vonku\" \/><\/figure><\/div><div class=\"swiper-slide\" role=\"group\" aria-roledescription=\"slide\" aria-label=\"5 of 5\"><figure class=\"swiper-slide-inner\"><img decoding=\"async\" class=\"swiper-slide-image\" src=\"https:\/\/www.smartchild.sk\/wp-content\/uploads\/2025\/04\/playroom2.png\" alt=\"playroom2\" \/><\/figure><\/div>\t\t\t<\/div>\n\t\t\t\t\t\t\t\t\t\t\t\t<div class=\"elementor-swiper-button elementor-swiper-button-prev\" role=\"button\" tabindex=\"0\">\n\t\t\t\t\t\t<svg aria-hidden=\"true\" class=\"e-font-icon-svg e-eicon-chevron-left\" viewBox=\"0 0 1000 1000\" xmlns=\"http:\/\/www.w3.org\/2000\/svg\"><path d=\"M646 125C629 125 613 133 604 142L308 442C296 454 292 471 292 487 292 504 296 521 308 533L604 854C617 867 629 875 646 875 663 875 679 871 692 858 704 846 713 829 713 812 713 796 708 779 692 767L438 487 692 225C700 217 708 204 708 187 708 171 704 154 692 142 675 129 663 125 646 125Z\"><\/path><\/svg>\t\t\t\t\t<\/div>\n\t\t\t\t\t<div class=\"elementor-swiper-button elementor-swiper-button-next\" role=\"button\" tabindex=\"0\">\n\t\t\t\t\t\t<svg aria-hidden=\"true\" class=\"e-font-icon-svg e-eicon-chevron-right\" viewBox=\"0 0 1000 1000\" xmlns=\"http:\/\/www.w3.org\/2000\/svg\"><path d=\"M696 533C708 521 713 504 713 487 713 471 708 454 696 446L400 146C388 133 375 125 354 125 338 125 325 129 313 142 300 154 292 171 292 187 292 204 296 221 308 233L563 492 304 771C292 783 288 800 288 817 288 833 296 850 308 863 321 871 338 875 354 875 371 875 388 867 400 854L696 533Z\"><\/path><\/svg>\t\t\t\t\t<\/div>\n\t\t\t\t\n\t\t\t\t\t\t\t\t\t<\/div>\n\t\t\t\t\t\t<\/div>\n\t\t\t\t<\/div>\n\t\t\t\t\t<\/div>\n\t\t<\/div>\n\t\t\t\t\t<\/div>\n\t\t<\/section>\n\t\t\t\t<\/div>\n\t\t","protected":false},"excerpt":{"rendered":"<p>Viac ne\u017e len \u0161k\u00f4lka Ver\u00edme, \u017ee zdrav\u00fd v\u00fdvin die\u0165a\u0165a potrebuje stabilitu, re\u0161pekt a l\u00e1sku. Na\u0161a \u0161k\u00f4lka pon\u00faka dlhodob\u00e9 a bezpe\u010dn\u00e9 prostredie, kde sa die\u0165a rozv\u00edja ako osobnos\u0165 \u2013 nie pod\u013ea \u0161abl\u00f3ny, ale vlastn\u00fdm tempom. Stabiln\u00e9 prostredie, ktor\u00e9 buduje d\u00f4veru Individu\u00e1lny pr\u00edstup v mal\u00fdch skupin\u00e1ch Hodnoty, ktor\u00e9 zdie\u013eame s rodi\u010dmi HIST\u00d3RIA Na\u0161e za\u010diatky Ob\u010dianske zdru\u017eenie SMART&hellip;&nbsp;<a href=\"https:\/\/www.smartchild.sk\/index.php\/o-nas\/o-nas\/\" rel=\"bookmark\">\u010c\u00edta\u0165 viac &raquo;<span class=\"screen-reader-text\">O n\u00e1s<\/span><\/a><\/p>\n","protected":false},"author":1,"featured_media":0,"parent":125,"menu_order":0,"comment_status":"closed","ping_status":"closed","template":"","meta":{"neve_meta_sidebar":"","neve_meta_container":"","neve_meta_enable_content_width":"","neve_meta_content_width":0,"neve_meta_title_alignment":"","neve_meta_author_avatar":"","neve_post_elements_order":"","neve_meta_disable_header":"","neve_meta_disable_footer":"","neve_meta_disable_title":"","footnotes":""},"class_list":["post-1752","page","type-page","status-publish","hentry"],"_links":{"self":[{"href":"https:\/\/www.smartchild.sk\/index.php\/wp-json\/wp\/v2\/pages\/1752","targetHints":{"allow":["GET"]}}],"collection":[{"href":"https:\/\/www.smartchild.sk\/index.php\/wp-json\/wp\/v2\/pages"}],"about":[{"href":"https:\/\/www.smartchild.sk\/index.php\/wp-json\/wp\/v2\/types\/page"}],"author":[{"embeddable":true,"href":"https:\/\/www.smartchild.sk\/index.php\/wp-json\/wp\/v2\/users\/1"}],"replies":[{"embeddable":true,"href":"https:\/\/www.smartchild.sk\/index.php\/wp-json\/wp\/v2\/comments?post=1752"}],"version-history":[{"count":9,"href":"https:\/\/www.smartchild.sk\/index.php\/wp-json\/wp\/v2\/pages\/1752\/revisions"}],"predecessor-version":[{"id":1909,"href":"https:\/\/www.smartchild.sk\/index.php\/wp-json\/wp\/v2\/pages\/1752\/revisions\/1909"}],"up":[{"embeddable":true,"href":"https:\/\/www.smartchild.sk\/index.php\/wp-json\/wp\/v2\/pages\/125"}],"wp:attachment":[{"href":"https:\/\/www.smartchild.sk\/index.php\/wp-json\/wp\/v2\/media?parent=1752"}],"curies":[{"name":"wp","href":"https:\/\/api.w.org\/{rel}","templated":true}]}}